ulate the highest common divisor of 56 and k.
7
Suppose -8 = 5*d - 4*q, 0 = -8*d + 3*d + q - 2. Suppose d*g - 3*g = -36. What is the highest common divisor of 3 and g?
3
Suppose -2*b - 8 = 0, -d + b = -4*d + 419. Let w = -51 + d. What is the greatest common divisor of 9 and w?
9
Suppose -5*o = 5*s - 60, s = -2*o - 6 + 21. Suppose -3*j + s = -0*j. Let l be 2 + 3/j + 52. What is the greatest common factor of l and 22?
11
Let b(d) = d**3 + 4*d**2 + 4*d - 2. Let t be b(-4). Let s be (t/12)/((-3)/80). Calculate the greatest common divisor of s and 4.
4
Let m be 21/(-6)*8/(-14). Suppose -m*y = -37 - 103. Suppose f = 2*f - 5*v - 70, -4*v - y = -f. Calculate the highest common factor of f and 14.
14
Let f = 11 + -9. Suppose f*x - 6 = 12. Calculate the highest common divisor of 45 and x.
9
Suppose 2*w - s = 4, -3*w + 2*s + 13 = 5. Let l be -2 + (13 - w) + -1. Calculate the greatest common factor of 20 and l.
10
Suppose 2*f - 3*q - 314 = -q, 0 = 3*f - q - 465. Calculate the highest common factor of 14 and f.
14
Let n = 110 - 59. Calculate the highest common factor of 17 and n.
17
Let g = 28 + -41. Suppose 3*x - 79 = -0*s - 2*s, -2*x = -4*s - 26. Let o = g + x. What is the highest common divisor of 10 and o?
10
Let l(z) = -z**3 - 3*z**2 - z + 2. Let f be l(-3). Suppose -f*s + 0 = -15. Calculate the greatest common factor of 27 and s.
3
Let z(k) = k + 3. Let q be z(3). Suppose q = 3*c - 21. What is the greatest common divisor of 81 and c?
9
Let p = 127 + -76. Let g = 19 - 2. What is the greatest common divisor of g and p?
17
Suppose 2*m - 28 = m. Let q = m + -7. What is the greatest common divisor of 21 and q?
21
Let r be -7*(-2)/(-2)*-8. Suppose -3*j = -15 - 6. What is the highest common divisor of r and j?
7
Suppose 3*z - s = -40, 5*s - 9 + 4 = 0. Let r = -1 - z. Calculate the highest common divisor of 108 and r.
12
Let z(i) = 2*i**2 + 2*i + 1. Let t be z(-3). Let u be 117*(-1)/(-1 + 0). Let a be (-1 - 1)*u/(-2). Calculate the highest common divisor of a and t.
13
Let i = 264 - 66. Calculate the highest common divisor of 22 and i.
22
Let p = 6 + -3. Suppose -3*z - 3 = 3*b, -4*b - p*z - 4 + 0 = 0. Let q be (b + -3)*22/(-8). Calculate the greatest common factor of q and 121.
11
Let f(z) = -3*z + 9. Let g be f(-6). Calculate the greatest common divisor of 135 and g.
27
Suppose -5*o + 3*h = -651 + 137, -3*o - 3*h = -318. What is the highest common divisor of 8 and o?
8
Let y(n) = 6 - 2 - 3 - 2*n. Let t be y(-2). Calculate the greatest common divisor of t and 55.
5
Suppose -f - 49 = -3*k, 0 = -0*f + f - 5. Let c be k/14 + (-4)/14. Calculate the greatest common divisor of 7 and c.
1
Let k be 2/(-2) - 0/(-2). Let p be -19*(k - 0/(-1)). What is the greatest common divisor of p and 171?
19
Suppose 0 = -x - v + 9, 3*x + 4*v = -0*v + 30. Suppose 3*l - x = -0. Suppose l*o - 50 = -4*g + 2, -o = -g - 35. What is the greatest common divisor of 80 and o?
16
Suppose 4*v = 5*s - 92, 2*s + 36 = 4*s - 2*v. Suppose h = 3*h - s. What is the greatest common divisor of 15 and h?
5
Let w(n) be the third derivative of -7*n**4/24 - 4*n**2. Let d be w(-1). What is the highest common divisor of d and 1?
1
Suppose 0 = -3*x - 3*l + 9 + 12, -x + 4*l + 12 = 0. Suppose 5 - x = -m. What is the greatest common divisor of m and 24?
3
Let r(u) = -u**2 - 5. Let j be r(-5). Let s = -30 + 26. Let a be j/s*18/1. Calculate the greatest common factor of a and 54.
27
Let u(l) = -l + 1. Let f be u(-2). Suppose 70 = p - f*w + w, p + w - 64 = 0. What is the greatest common factor of p and 6?
6
Let u be ((-22)/(-3))/(8/12). Suppose a = 4*a - 165. What is the greatest common divisor of a and u?
11
Suppose 2*x - 64 = -2*x. Let o = 24 + -35. Let y = o + x. What is the highest common factor of y and 40?
5
Suppose 4*s - 65 = 5*b, 59 = -4*s + 8*s + b. Calculate the highest common factor of s and 10.
5
Let n be (-4)/(-6) - 75/(-9). Calculate the greatest common divisor of n and 72.
9
Suppose -5*h + m = 3*m - 1322, 5*h - 1314 = -4*m. Let z be 4/18 + h/18. Calculate the highest common divisor of z and 15.
15
Let y(h) = 23*h - 2. Let o be y(-2). Let p = -24 - o. What is the greatest common divisor of p and 36?
12
Let t = -156 - -166. What is the greatest common divisor of 50 and t?
10
Suppose 126 = -0*w + 7*w. What is the greatest common divisor of 27 and w?
9
Let w = -28 - -10. Let g be (8/(-6))/(3/w). Calculate the highest common divisor of 40 and g.
8
Let g(b) = -b + 3. Let l be g(5). Let m be 8/6*(64 - l). What is the greatest common factor of 8 and m?
8
Let v be 10/(-35) + 60/14. Let n(c) = -c + 47. Let j be n(0). Suppose -v*y - q + 75 = y, -q + j = 3*y. Calculate the greatest common divisor of y and 42.
14
Let j = 15 + -9. Suppose -3*l - 135 = -j*l. Calculate the highest common factor of l and 9.
9
Suppose -r - 3*r = 12. Let t be 32/6 + (-2)/r. Let z(x) = x**2 - 3*x + 2. Let o be z(3). What is the highest common factor of o and t?
2
Suppose h - 42 = -h + 3*r, 10 = 5*r. Calculate the greatest common factor of h and 216.
24
Let z(k) = k**2 - 5*k + 4. Let c be z(3). Suppose 2*j + 5*m = 47, 3*j + 37 = 5*j + 3*m. Let t = j + c. What is the highest common divisor of t and 99?
9
Let k(f) = 3*f + 2. Let v be k(1). Suppose -45 = n - 4*n. What is the highest common factor of v and n?
5
Let a = 137 + -69. What is the greatest common divisor of a and 102?
34
Let z = 7 - -7. Let t = 1 - -4. Suppose 2*l - c = 114, 14 = -t*c + 4. What is the highest common factor of z and l?
14
Let a(x) = x**2 + 11*x + 3. Let i(s) = -2*s**2 - 23*s - 7. Let g(t) = 13*a(t) + 6*i(t). Let p be g(-7). Calculate the highest common factor of 77 and p.
11
Suppose -q - q = i - 241, i + 251 = 2*q. Calculate the greatest common divisor of q and 41.
41
Let h be (-2)/36*-454 + (-4)/18. Calculate the greatest common factor of 10 and h.
5
Suppose 5 = 2*j + 4*g - 13, -2*j + g = -3. Calculate the greatest common divisor of j and 27.
3
Suppose -2*p + 5*c + 36 = -9, -3*p + 50 = -4*c. What is the greatest common factor of 4 and p?
2
Let y = 113 - -136. Suppose y = 5*s + 79. What is the highest common divisor of 17 and s?
17
Let w be (10 + -5)*2/2. Suppose -w*i = 12 - 47. What is the greatest common factor of i and 35?
7
Let b(k) = k**3 + 8*k**2 - 12*k + 7. Let x be b(-9). What is the highest common factor of x and 34?
34
Suppose -4 = -2*z - i, z + i = 3 - 2. Suppose 0 = 2*l + z*l - 25. Let p be 15/(1 + 2)*1. What is the greatest common factor of p and l?
5
Let z be (120/(-2))/((-9)/6). What is the greatest common divisor of z and 8?
8
Let l(x) = 9*x**3 + 4*x**2 - 5*x - 5. Let z be l(3). Calculate the highest common factor of z and 37.
37
Suppose 2*o - 24 = -0*o - 2*s, o = 2*s + 6. What is the greatest common factor of 190 and o?
10
Suppose -s + 21 = -0*s. Suppose 5*p - 8 = -c, 5*c + 6 = s. Let l(m) = m**2 + m. Let a be l(p). What is the greatest common divisor of a and 6?
2
Let r = 49 + -47. Calculate the highest common factor of r and 14.
2
Let r(d) = d**2 - 6*d - 4. Let u be r(7). Suppose -u*c + 15 = -21. Let h = 41 + 19. What is the greatest common divisor of h and c?
12
Suppose 0 = -7*k + 3*k + 12. What is the greatest common factor of k and 6?
3
Let o = 21 + -18. Calculate the highest common factor of o and 21.
3
Let m(z) = 2*z + 4. Let r be m(-4). Let d be r*(-22)/8*2. What is the greatest common divisor of 55 and d?
11
Let b(p) = 4 - 4*p + 9*p**2 - 3 + 2 + 6*p**2. Let k be b(2). Calculate the greatest common divisor of k and 11.
11
Let t be ((-126)/7)/((-3)/16). What is the greatest common divisor of t and 12?
12
Let h be (3*-1)/(3/(-10)). Suppose 5*o = 4*o + 3*j - 4, 2*j = 4*o - 24. Let l be 78/o - (-4)/16. Calculate the highest common factor of h and l.
10
Suppose 26 = 5*i + 4*y, y - 2 + 9 = i. Let d(p) = -14*p + 2. Let u be d(-2). Calculate the highest common factor of u and i.
6
Let p be (1 - -1)*17/2. Let w = -9 + p. Calculate the highest common divisor of w and 56.
8
Suppose -4*y + 37 = -23. What is the greatest common divisor of y and 165?
15
Let a = 3 - 6. Let g = 12 + -9. Let q be 20/(g/(-18)*a). Calculate the highest common factor of 10 and q.
10
Let a = 10 + -8. Let l be (-4)/a - -8 - 2. Calculate the highest common divisor of l and 20.
4
Suppose -2*x + 7 = 5*c, 0 = 5*c - 0*x + x - 6. Suppose -4 = -5*o + c. Calculate the highest comm